{"id":427,"date":"2023-06-04T13:36:17","date_gmt":"2023-06-04T13:36:17","guid":{"rendered":"https:\/\/holundermaerchenmaedchen.com\/?page_id=427"},"modified":"2025-11-25T14:23:40","modified_gmt":"2025-11-25T14:23:40","slug":"impressum","status":"publish","type":"page","link":"https:\/\/holundermaerchenmaedchen.com\/?page_id=427","title":{"rendered":"Impressum"},"content":{"rendered":"\n<p class=\"has-white-background-color has-background has-medium-font-size\">HolunderM\u00e4rchenM\u00e4dchen<br>Lach- und Seelentraining<br>Petra Jurgeit<br>Steinstra\u00dfe 14<br>266245 S\u00fcdbrookmerland<br><br>E-Mail-Adresse: <br>P.Jurgeit@icloud.com<br><br>Telefon:<br>0151-11334212<\/p>\n\n\n\n<p><\/p>\n","protected":false},"excerpt":{"rendered":"<p>HolunderM\u00e4rchenM\u00e4dchenLach- und SeelentrainingPetra JurgeitSteinstra\u00dfe 14266245 S\u00fcdbrookmerland E-Mail-Adresse: P.Jurgeit@icloud.com Telefon:0151-11334212<\/p>\n","protected":false},"author":2,"featured_media":0,"parent":0,"menu_order":0,"comment_status":"closed","ping_status":"closed","template":"","meta":{"footnotes":""},"class_list":["post-427","page","type-page","status-publish","hentry"],"yoast_head":"<!-- This site is optimized with the Yoast SEO plugin v27.3 - https:\/\/yoast.com\/product\/yoast-seo-wordpress\/ -->\n<title>Impressum - Lachen \u00fcben und die Seele streicheln mit Petra Jurgeit<\/title>\n<meta name=\"description\" content=\"EntdeckeSie Lach- und Seelentraining mit Petra Jurgeit in S\u00fcdbrookmerland f\u00fcr mehr Lebensfreude, Entspannung und Seelenfrieden\" \/>\n<meta name=\"robots\" content=\"index, follow, max-snippet:-1, max-image-preview:large, max-video-preview:-1\" \/>\n<link rel=\"canonical\" href=\"https:\/\/holundermaerchenmaedchen.com\/?page_id=427\" \/>\n<meta property=\"og:locale\" content=\"de_DE\" \/>\n<meta property=\"og:type\" content=\"article\" \/>\n<meta property=\"og:title\" content=\"Impressum - Lachen \u00fcben und die Seele streicheln mit Petra Jurgeit\" \/>\n<meta property=\"og:description\" content=\"EntdeckeSie Lach- und Seelentraining mit Petra Jurgeit in S\u00fcdbrookmerland f\u00fcr mehr Lebensfreude, Entspannung und Seelenfrieden\" \/>\n<meta property=\"og:url\" content=\"https:\/\/holundermaerchenmaedchen.com\/?page_id=427\" \/>\n<meta property=\"og:site_name\" content=\"Lachen \u00fcben und die Seele streicheln mit Petra Jurgeit\" \/>\n<meta property=\"article:modified_time\" content=\"2025-11-25T14:23:40+00:00\" \/>\n<meta name=\"twitter:card\" content=\"summary_large_image\" \/>\n<meta name=\"twitter:label1\" content=\"Gesch\u00e4tzte Lesezeit\" \/>\n\t<meta name=\"twitter:data1\" content=\"1\u00a0Minute\" \/>\n<script type=\"application\/ld+json\" class=\"yoast-schema-graph\">{\"@context\":\"https:\\\/\\\/schema.org\",\"@graph\":[{\"@type\":\"WebPage\",\"@id\":\"https:\\\/\\\/holundermaerchenmaedchen.com\\\/?page_id=427\",\"url\":\"https:\\\/\\\/holundermaerchenmaedchen.com\\\/?page_id=427\",\"name\":\"Impressum - Lachen \u00fcben und die Seele streicheln mit Petra Jurgeit\",\"isPartOf\":{\"@id\":\"https:\\\/\\\/holundermaerchenmaedchen.com\\\/#website\"},\"datePublished\":\"2023-06-04T13:36:17+00:00\",\"dateModified\":\"2025-11-25T14:23:40+00:00\",\"description\":\"EntdeckeSie Lach- und Seelentraining mit Petra Jurgeit in S\u00fcdbrookmerland f\u00fcr mehr Lebensfreude, Entspannung und Seelenfrieden\",\"breadcrumb\":{\"@id\":\"https:\\\/\\\/holundermaerchenmaedchen.com\\\/?page_id=427#breadcrumb\"},\"inLanguage\":\"de\",\"potentialAction\":[{\"@type\":\"ReadAction\",\"target\":[\"https:\\\/\\\/holundermaerchenmaedchen.com\\\/?page_id=427\"]}]},{\"@type\":\"BreadcrumbList\",\"@id\":\"https:\\\/\\\/holundermaerchenmaedchen.com\\\/?page_id=427#breadcrumb\",\"itemListElement\":[{\"@type\":\"ListItem\",\"position\":1,\"name\":\"Startseite\",\"item\":\"https:\\\/\\\/holundermaerchenmaedchen.com\\\/\"},{\"@type\":\"ListItem\",\"position\":2,\"name\":\"Impressum\"}]},{\"@type\":\"WebSite\",\"@id\":\"https:\\\/\\\/holundermaerchenmaedchen.com\\\/#website\",\"url\":\"https:\\\/\\\/holundermaerchenmaedchen.com\\\/\",\"name\":\"Lachen \u00fcben und die Seele streicheln mit Petra Jurgeit\",\"description\":\"m\u00e4rchenhaft und verspielt zur Inneren Heiterkeit\",\"publisher\":{\"@id\":\"https:\\\/\\\/holundermaerchenmaedchen.com\\\/#\\\/schema\\\/person\\\/b9830c0b2b824fa31a5b0c1c59cbdf16\"},\"alternateName\":\"Lach- und Seelentraining\",\"potentialAction\":[{\"@type\":\"SearchAction\",\"target\":{\"@type\":\"EntryPoint\",\"urlTemplate\":\"https:\\\/\\\/holundermaerchenmaedchen.com\\\/?s={search_term_string}\"},\"query-input\":{\"@type\":\"PropertyValueSpecification\",\"valueRequired\":true,\"valueName\":\"search_term_string\"}}],\"inLanguage\":\"de\"},{\"@type\":[\"Person\",\"Organization\"],\"@id\":\"https:\\\/\\\/holundermaerchenmaedchen.com\\\/#\\\/schema\\\/person\\\/b9830c0b2b824fa31a5b0c1c59cbdf16\",\"name\":\"Petra Jurgeit\",\"image\":{\"@type\":\"ImageObject\",\"inLanguage\":\"de\",\"@id\":\"https:\\\/\\\/holundermaerchenmaedchen.com\\\/wp-content\\\/uploads\\\/2023\\\/05\\\/cropped-IMG_4393-2.jpeg\",\"url\":\"https:\\\/\\\/holundermaerchenmaedchen.com\\\/wp-content\\\/uploads\\\/2023\\\/05\\\/cropped-IMG_4393-2.jpeg\",\"contentUrl\":\"https:\\\/\\\/holundermaerchenmaedchen.com\\\/wp-content\\\/uploads\\\/2023\\\/05\\\/cropped-IMG_4393-2.jpeg\",\"width\":250,\"height\":250,\"caption\":\"Petra Jurgeit\"},\"logo\":{\"@id\":\"https:\\\/\\\/holundermaerchenmaedchen.com\\\/wp-content\\\/uploads\\\/2023\\\/05\\\/cropped-IMG_4393-2.jpeg\"},\"sameAs\":[\"https:\\\/\\\/holundermaerchenmaedchen.com\"]}]}<\/script>\n<!-- \/ Yoast SEO plugin. -->","yoast_head_json":{"title":"Impressum - Lachen \u00fcben und die Seele streicheln mit Petra Jurgeit","description":"EntdeckeSie Lach- und Seelentraining mit Petra Jurgeit in S\u00fcdbrookmerland f\u00fcr mehr Lebensfreude, Entspannung und Seelenfrieden","robots":{"index":"index","follow":"follow","max-snippet":"max-snippet:-1","max-image-preview":"max-image-preview:large","max-video-preview":"max-video-preview:-1"},"canonical":"https:\/\/holundermaerchenmaedchen.com\/?page_id=427","og_locale":"de_DE","og_type":"article","og_title":"Impressum - Lachen \u00fcben und die Seele streicheln mit Petra Jurgeit","og_description":"EntdeckeSie Lach- und Seelentraining mit Petra Jurgeit in S\u00fcdbrookmerland f\u00fcr mehr Lebensfreude, Entspannung und Seelenfrieden","og_url":"https:\/\/holundermaerchenmaedchen.com\/?page_id=427","og_site_name":"Lachen \u00fcben und die Seele streicheln mit Petra Jurgeit","article_modified_time":"2025-11-25T14:23:40+00:00","twitter_card":"summary_large_image","twitter_misc":{"Gesch\u00e4tzte Lesezeit":"1\u00a0Minute"},"schema":{"@context":"https:\/\/schema.org","@graph":[{"@type":"WebPage","@id":"https:\/\/holundermaerchenmaedchen.com\/?page_id=427","url":"https:\/\/holundermaerchenmaedchen.com\/?page_id=427","name":"Impressum - Lachen \u00fcben und die Seele streicheln mit Petra Jurgeit","isPartOf":{"@id":"https:\/\/holundermaerchenmaedchen.com\/#website"},"datePublished":"2023-06-04T13:36:17+00:00","dateModified":"2025-11-25T14:23:40+00:00","description":"EntdeckeSie Lach- und Seelentraining mit Petra Jurgeit in S\u00fcdbrookmerland f\u00fcr mehr Lebensfreude, Entspannung und Seelenfrieden","breadcrumb":{"@id":"https:\/\/holundermaerchenmaedchen.com\/?page_id=427#breadcrumb"},"inLanguage":"de","potentialAction":[{"@type":"ReadAction","target":["https:\/\/holundermaerchenmaedchen.com\/?page_id=427"]}]},{"@type":"BreadcrumbList","@id":"https:\/\/holundermaerchenmaedchen.com\/?page_id=427#breadcrumb","itemListElement":[{"@type":"ListItem","position":1,"name":"Startseite","item":"https:\/\/holundermaerchenmaedchen.com\/"},{"@type":"ListItem","position":2,"name":"Impressum"}]},{"@type":"WebSite","@id":"https:\/\/holundermaerchenmaedchen.com\/#website","url":"https:\/\/holundermaerchenmaedchen.com\/","name":"Lachen \u00fcben und die Seele streicheln mit Petra Jurgeit","description":"m\u00e4rchenhaft und verspielt zur Inneren Heiterkeit","publisher":{"@id":"https:\/\/holundermaerchenmaedchen.com\/#\/schema\/person\/b9830c0b2b824fa31a5b0c1c59cbdf16"},"alternateName":"Lach- und Seelentraining","potentialAction":[{"@type":"SearchAction","target":{"@type":"EntryPoint","urlTemplate":"https:\/\/holundermaerchenmaedchen.com\/?s={search_term_string}"},"query-input":{"@type":"PropertyValueSpecification","valueRequired":true,"valueName":"search_term_string"}}],"inLanguage":"de"},{"@type":["Person","Organization"],"@id":"https:\/\/holundermaerchenmaedchen.com\/#\/schema\/person\/b9830c0b2b824fa31a5b0c1c59cbdf16","name":"Petra Jurgeit","image":{"@type":"ImageObject","inLanguage":"de","@id":"https:\/\/holundermaerchenmaedchen.com\/wp-content\/uploads\/2023\/05\/cropped-IMG_4393-2.jpeg","url":"https:\/\/holundermaerchenmaedchen.com\/wp-content\/uploads\/2023\/05\/cropped-IMG_4393-2.jpeg","contentUrl":"https:\/\/holundermaerchenmaedchen.com\/wp-content\/uploads\/2023\/05\/cropped-IMG_4393-2.jpeg","width":250,"height":250,"caption":"Petra Jurgeit"},"logo":{"@id":"https:\/\/holundermaerchenmaedchen.com\/wp-content\/uploads\/2023\/05\/cropped-IMG_4393-2.jpeg"},"sameAs":["https:\/\/holundermaerchenmaedchen.com"]}]}},"jetpack_likes_enabled":true,"jetpack_sharing_enabled":true,"_links":{"self":[{"href":"https:\/\/holundermaerchenmaedchen.com\/index.php?rest_route=\/wp\/v2\/pages\/427","targetHints":{"allow":["GET"]}}],"collection":[{"href":"https:\/\/holundermaerchenmaedchen.com\/index.php?rest_route=\/wp\/v2\/pages"}],"about":[{"href":"https:\/\/holundermaerchenmaedchen.com\/index.php?rest_route=\/wp\/v2\/types\/page"}],"author":[{"embeddable":true,"href":"https:\/\/holundermaerchenmaedchen.com\/index.php?rest_route=\/wp\/v2\/users\/2"}],"replies":[{"embeddable":true,"href":"https:\/\/holundermaerchenmaedchen.com\/index.php?rest_route=%2Fwp%2Fv2%2Fcomments&post=427"}],"version-history":[{"count":11,"href":"https:\/\/holundermaerchenmaedchen.com\/index.php?rest_route=\/wp\/v2\/pages\/427\/revisions"}],"predecessor-version":[{"id":851,"href":"https:\/\/holundermaerchenmaedchen.com\/index.php?rest_route=\/wp\/v2\/pages\/427\/revisions\/851"}],"wp:attachment":[{"href":"https:\/\/holundermaerchenmaedchen.com\/index.php?rest_route=%2Fwp%2Fv2%2Fmedia&parent=427"}],"curies":[{"name":"wp","href":"https:\/\/api.w.org\/{rel}","templated":true}]}}